{"id":428,"date":"2026-02-27T08:01:22","date_gmt":"2026-02-27T08:01:22","guid":{"rendered":"https:\/\/truskawkowa.com\/?page_id=428"},"modified":"2026-02-27T09:35:56","modified_gmt":"2026-02-27T09:35:56","slug":"kpo","status":"publish","type":"page","link":"https:\/\/truskawkowa.com\/index.php\/kpo\/","title":{"rendered":"KPO"},"content":{"rendered":"\n<p class=\"wp-block-paragraph\"><\/p>\n\n\n\n<div class=\"wp-block-uagb-container uagb-block-b9515089 alignfull uagb-is-root-container\"><div class=\"uagb-container-inner-blocks-wrap\">\n<h3 class=\"wp-block-heading has-text-align-center\">Dzia\u0142anie dofinansowane z Krajowego Planu Odbudowy KPO<\/h3>\n\n\n\n<div class=\"wp-block-uagb-container uagb-block-0ed1fa96\">\n<figure class=\"wp-block-image size-full has-custom-border\"><img fetchpriority=\"high\" decoding=\"async\" width=\"1477\" height=\"186\" src=\"https:\/\/truskawkowa.com\/wp-content\/uploads\/2026\/02\/logo_kpo.png\" alt=\"\" class=\"wp-image-429\" style=\"border-style:none;border-width:0px;border-top-left-radius:0px;border-top-right-radius:0px;border-bottom-left-radius:0px;border-bottom-right-radius:0px\" srcset=\"https:\/\/truskawkowa.com\/wp-content\/uploads\/2026\/02\/logo_kpo.png 1477w, https:\/\/truskawkowa.com\/wp-content\/uploads\/2026\/02\/logo_kpo-300x38.png 300w, https:\/\/truskawkowa.com\/wp-content\/uploads\/2026\/02\/logo_kpo-1024x129.png 1024w, https:\/\/truskawkowa.com\/wp-content\/uploads\/2026\/02\/logo_kpo-768x97.png 768w, https:\/\/truskawkowa.com\/wp-content\/uploads\/2026\/02\/logo_kpo-600x76.png 600w\" sizes=\"(max-width: 1477px) 100vw, 1477px\" \/><\/figure>\n<\/div>\n\n\n\n<p class=\"wp-block-paragraph\"><\/p>\n\n\n\n<div class=\"wp-block-uagb-advanced-heading uagb-block-a96f570a\"><h5 class=\"uagb-heading-text\">Kr\u00f3tki opis przedsi\u0119wzi\u0119cia<\/h5><\/div>\n\n\n\n<p class=\"wp-block-paragraph\">Moje gospodarstwo specjalizuje si\u0119 w uprawie truskawek. Planowane przedsi\u0119wzi\u0119cie ma na celu rozwini\u0119cie sprzeda\u017cy owoc\u00f3w bezpo\u015brednio do konsumenta finalnego w ramach dostaw bezpo\u015brednich oraz sprzeda\u017cy detalicznej, co pozwoli skr\u00f3ci\u0107 \u0142a\u0144cuch dostaw i zwi\u0119kszy\u0107 dost\u0119pno\u015b\u0107 \u015bwie\u017cych truskawek dla klient\u00f3w.<\/p>\n\n\n\n<p class=\"wp-block-paragraph\">W ramach inwestycji finansowanej z KPO wdra\u017camy rozwi\u0105zania, kt\u00f3re usprawni\u0105 przygotowanie truskawek do sprzeda\u017cy i zapewni\u0105 wysok\u0105 jako\u015b\u0107 produktu. Realizujemy budow\u0119 hali o wraz z utwardzeniem terenu dojazdowego, a tak\u017ce zakup komory ch\u0142odniczej umo\u017cliwiaj\u0105cej przechowywanie owoc\u00f3w w warunkach sprzyjaj\u0105cych zachowaniu \u015bwie\u017co\u015bci. Doposa\u017camy obiekt w stanowiska do wa\u017cenia i porcjowania truskawek do \u0142ubianek, co zwi\u0119kszy sprawno\u015b\u0107 przygotowania partii detalicznych. Jednocze\u015bnie uruchamiamy sklep internetowy oraz wdra\u017camy aplikacj\u0119 do zarz\u0105dzania sprzeda\u017c\u0105, stanami magazynowymi i planowaniem dystrybucji zam\u00f3wie\u0144 \u2013 s\u0105 to technologie informacyjno-komunikacyjne, kt\u00f3re podnios\u0105 efektywno\u015b\u0107 obs\u0142ugi klient\u00f3w i organizacj\u0119 pracy. <\/p>\n\n\n\n<p class=\"wp-block-paragraph\">Dzi\u0119ki wsparciu KPO \u0142\u0105czymy praktyk\u0119 rolnicz\u0105 z nowoczesnym zapleczem i narz\u0119dziami cyfrowymi, stawiaj\u0105c na jako\u015b\u0107, sprawn\u0105 logistyk\u0119 i dost\u0119pno\u015b\u0107 produktu dla odbiorc\u00f3w.<\/p>\n<\/div><\/div>\n","protected":false},"excerpt":{"rendered":"<p>Dzia\u0142anie dofinansowane z Krajowego Planu Odbudowy KPO Kr\u00f3tki opis przedsi\u0119wzi\u0119cia Moje gospodarstwo specjalizuje si\u0119 w uprawie truskawek. Planowane przedsi\u0119wzi\u0119cie ma na celu rozwini\u0119cie sprzeda\u017cy owoc\u00f3w bezpo\u015brednio do konsumenta finalnego w ramach dostaw bezpo\u015brednich oraz sprzeda\u017cy detalicznej, co pozwoli skr\u00f3ci\u0107 \u0142a\u0144cuch dostaw i zwi\u0119kszy\u0107 dost\u0119pno\u015b\u0107 \u015bwie\u017cych truskawek dla klient\u00f3w. W ramach inwestycji finansowanej z KPO wdra\u017camy&hellip;&nbsp;<a href=\"https:\/\/truskawkowa.com\/index.php\/kpo\/\" rel=\"bookmark\"><span class=\"screen-reader-text\">KPO<\/span><\/a><\/p>\n","protected":false},"author":7,"featured_media":0,"parent":0,"menu_order":0,"comment_status":"closed","ping_status":"closed","template":"","meta":{"_eb_attr":"","_crdt_document":"","_uag_custom_page_level_css":"","neve_meta_sidebar":"","neve_meta_container":"","neve_meta_enable_content_width":"","neve_meta_content_width":0,"neve_meta_title_alignment":"","neve_meta_author_avatar":"","neve_post_elements_order":"","neve_meta_disable_header":"","neve_meta_disable_footer":"","neve_meta_disable_title":"on","footnotes":""},"class_list":["post-428","page","type-page","status-publish","hentry"],"uagb_featured_image_src":{"full":false,"thumbnail":false,"medium":false,"medium_large":false,"large":false,"1536x1536":false,"2048x2048":false,"neve-blog":false,"woocommerce_thumbnail":false,"woocommerce_single":false,"woocommerce_gallery_thumbnail":false},"uagb_author_info":{"display_name":"Julia Chilczuk","author_link":"https:\/\/truskawkowa.com\/index.php\/author\/julia-chilczuk\/"},"uagb_comment_info":0,"uagb_excerpt":"Dzia\u0142anie dofinansowane z Krajowego Planu Odbudowy KPO Kr\u00f3tki opis przedsi\u0119wzi\u0119cia Moje gospodarstwo specjalizuje si\u0119 w uprawie truskawek. Planowane przedsi\u0119wzi\u0119cie ma na celu rozwini\u0119cie sprzeda\u017cy owoc\u00f3w bezpo\u015brednio do konsumenta finalnego w ramach dostaw bezpo\u015brednich oraz sprzeda\u017cy detalicznej, co pozwoli skr\u00f3ci\u0107 \u0142a\u0144cuch dostaw i zwi\u0119kszy\u0107 dost\u0119pno\u015b\u0107 \u015bwie\u017cych truskawek dla klient\u00f3w. W ramach inwestycji finansowanej z KPO wdra\u017camy&hellip;&nbsp;KPO","_links":{"self":[{"href":"https:\/\/truskawkowa.com\/index.php\/wp-json\/wp\/v2\/pages\/428","targetHints":{"allow":["GET"]}}],"collection":[{"href":"https:\/\/truskawkowa.com\/index.php\/wp-json\/wp\/v2\/pages"}],"about":[{"href":"https:\/\/truskawkowa.com\/index.php\/wp-json\/wp\/v2\/types\/page"}],"author":[{"embeddable":true,"href":"https:\/\/truskawkowa.com\/index.php\/wp-json\/wp\/v2\/users\/7"}],"replies":[{"embeddable":true,"href":"https:\/\/truskawkowa.com\/index.php\/wp-json\/wp\/v2\/comments?post=428"}],"version-history":[{"count":9,"href":"https:\/\/truskawkowa.com\/index.php\/wp-json\/wp\/v2\/pages\/428\/revisions"}],"predecessor-version":[{"id":456,"href":"https:\/\/truskawkowa.com\/index.php\/wp-json\/wp\/v2\/pages\/428\/revisions\/456"}],"wp:attachment":[{"href":"https:\/\/truskawkowa.com\/index.php\/wp-json\/wp\/v2\/media?parent=428"}],"curies":[{"name":"wp","href":"https:\/\/api.w.org\/{rel}","templated":true}]}}